{"version":"1.0","provider_name":"Parroquia Matriz de San Agust\u00edn","provider_url":"https:\/\/parroquiasanagustin.org","author_name":"admin","author_url":"https:\/\/parroquiasanagustin.org\/index.php\/author\/admin\/","title":"Jornada de responsabilidad en el tr\u00e1fico - Parroquia Matriz de San Agust\u00edn","type":"rich","width":600,"height":338,"html":"<blockquote class=\"wp-embedded-content\" data-secret=\"j4QW5svFkC\"><a href=\"https:\/\/parroquiasanagustin.org\/index.php\/2024\/06\/25\/jornada-de-responsabilidad-en-el-trafico-2\/\">Jornada de responsabilidad en el tr\u00e1fico<\/a><\/blockquote><iframe sandbox=\"allow-scripts\" security=\"restricted\" src=\"https:\/\/parroquiasanagustin.org\/index.php\/2024\/06\/25\/jornada-de-responsabilidad-en-el-trafico-2\/embed\/#?secret=j4QW5svFkC\" width=\"600\" height=\"338\" title=\"\u00abJornada de responsabilidad en el tr\u00e1fico\u00bb \u2014 Parroquia Matriz de San Agust\u00edn\" data-secret=\"j4QW5svFkC\" frameborder=\"0\" marginwidth=\"0\" marginheight=\"0\" scrolling=\"no\" class=\"wp-embedded-content\"><\/iframe><script>\n\/*! This file is auto-generated *\/\n!function(d,l){\"use strict\";l.querySelector&&d.addEventListener&&\"undefined\"!=typeof URL&&(d.wp=d.wp||{},d.wp.receiveEmbedMessage||(d.wp.receiveEmbedMessage=function(e){var t=e.data;if((t||t.secret||t.message||t.value)&&!\/[^a-zA-Z0-9]\/.test(t.secret)){for(var s,r,n,a=l.querySelectorAll('iframe[data-secret=\"'+t.secret+'\"]'),o=l.querySelectorAll('blockquote[data-secret=\"'+t.secret+'\"]'),c=new RegExp(\"^https?:$\",\"i\"),i=0;i<o.length;i++)o[i].style.display=\"none\";for(i=0;i<a.length;i++)s=a[i],e.source===s.contentWindow&&(s.removeAttribute(\"style\"),\"height\"===t.message?(1e3<(r=parseInt(t.value,10))?r=1e3:~~r<200&&(r=200),s.height=r):\"link\"===t.message&&(r=new URL(s.getAttribute(\"src\")),n=new URL(t.value),c.test(n.protocol))&&n.host===r.host&&l.activeElement===s&&(d.top.location.href=t.value))}},d.addEventListener(\"message\",d.wp.receiveEmbedMessage,!1),l.addEventListener(\"DOMContentLoaded\",function(){for(var e,t,s=l.querySelectorAll(\"iframe.wp-embedded-content\"),r=0;r<s.length;r++)(t=(e=s[r]).getAttribute(\"data-secret\"))||(t=Math.random().toString(36).substring(2,12),e.src+=\"#?secret=\"+t,e.setAttribute(\"data-secret\",t)),e.contentWindow.postMessage({message:\"ready\",secret:t},\"*\")},!1)))}(window,document);\n\/\/# sourceURL=https:\/\/parroquiasanagustin.org\/wp-includes\/js\/wp-embed.min.js\n<\/script>\n","thumbnail_url":"https:\/\/parroquiasanagustin.org\/wp-content\/uploads\/2024\/06\/Jornada-responsabilidad-en-.jpg","thumbnail_width":1200,"thumbnail_height":1698,"description":"La Iglesia celebra el&nbsp;primer domingo de julio, este a\u00f1o el&nbsp;d\u00eda 7, la&nbsp;Jornada de responsabilidad en el tr\u00e1fico&nbsp;2024. Una fecha que coincide con el inicio de los desplazamientos masivos por las vacaciones de verano y pr\u00f3xima a la festividad del patr\u00f3n de los conductores y transportistas, San Crist\u00f3bal, que se celebra el 10 de julio. El&nbsp;departamento de Pastoral de la carretera, dentro de la&nbsp;Subcomisi\u00f3n Episcopal para las Migraciones y Movilidad humana, es el encargado de promover esta Jornada que este a\u00f1o se celebra con el&nbsp;lema,&nbsp;\u00abYo soy el camino y la verdad y la vida\u00bb (Jn 14,6).&nbsp;Entre los materiales para su difusi\u00f3n, se incorpora este a\u00f1o un&nbsp;tr\u00edptico&nbsp;con toda la informaci\u00f3n sobre este departamento. \u00bfCu\u00e1l es el mensaje de los obispos? &nbsp; Los obispos de la Subcomisi\u00f3n Episcopal para las Migraciones y Movilidad humana firman el mensaje para esta Jornada, que dirigen a todos los que de alguna manera est\u00e1n relacionados con la movilidad humana y la seguridad vial. &nbsp; \u00abYo soy el camino y la verdad y la vida\u00bb (Jn 14,6), lema de la Jornada &nbsp; Los obispos explican que las palabras del evangelista san Juan que se han elegido como lema de este a\u00f1o,&nbsp;\u201cYo soy el camino y la verdad y la vida\u201d, fueron las que pronunci\u00f3 Jes\u00fas en su discurso de despedida de los disc\u00edpulos. Unas palabras que desglosan para indicar algunos comportamientos al volante. \u201cYo soy el camino\u201d,&nbsp;explican,&nbsp;significa que caminar con Jes\u00fas obliga a \u201cser buen conductor,&nbsp;responsable, cumplidor de las normas de tr\u00e1fico y respetuoso con los dem\u00e1s conductores\u201d, a \u201cno pasar de largo ante una necesidad de mi pr\u00f3jimo\u201d y \u201chacer agradable el viaje&nbsp;de los que comparten el veh\u00edculo conmigo\u201d. \u201cYo soy la verdad\u201d implica sinceridad \u201ccuando se trata de averiguar qui\u00e9n y c\u00f3mo se produjo el siniestro. En casos as\u00ed, donde parece que la verdad o la mentira tienen el mismo valor, no podemos olvidar las palabras de Jes\u00fas:&nbsp;\u00abLa verdad os har\u00e1 libres\u00bb (Jn 8,32)\u00ab. \u201cYo soy la vida\u201d&nbsp;recuerda que \u201ccuando conduces un veh\u00edculo, solo o en compa\u00f1\u00eda,&nbsp;no puedes olvidar, en ning\u00fan momento,&nbsp;la grave responsabilidad que asumes de velar por tu vida y la de los dem\u00e1s\u201d. &nbsp; Cuidar la vida &nbsp; Los obispos expresan su&nbsp;inquietud ante el aumento de los siniestros viales y los muertos en carretera, aunque \u201cmantenemos la firme esperanza de siniestros viales, cero\u201d.&nbsp;Porque \u201cno hay dinero suficiente para comprar una sola vida. Somos \u00fanicos e irrepetibles\u201d. &nbsp; Amar y respetar la vida propia y ajena, para un conductor, \u201cequivale a permanecer atento a la conducci\u00f3n, respetando en todo momento las normas de tr\u00e1fico\u201d y quiere decir&nbsp;\u201cconducir bien y en las debidas condiciones y responsabilidad sin ser un peligro para nadie\u201d. En este sentido, advierten sobre la&nbsp;importancia de usar el cintur\u00f3n de seguridad, de no conducir bajo los efectos del alcohol y de las drogas, de correr a la velocidad justa o sobre el uso indebido del m\u00f3vil.&nbsp;\u00abAmar la propia vida y la de los dem\u00e1s -puntualizan- me obliga a&nbsp;no jug\u00e1rmela sencillamente por usar el m\u00f3vil indebida e irresponsablemente mientras se conduce,&nbsp;como desgraciadamente sucede con relativa frecuencia.&nbsp;Todo puede esperar&nbsp;y el conductor debe ser consciente de la grave responsabilidad que lleva entre sus manos: cuidar y respetar su vida y la de los dem\u00e1s teniendo siempre presente que \u00aben \u00e9l vivimos, nos movemos y existimos\u00bb (Hch 18,28)\u00bb. Del veh\u00edculo se puede abusar, pero tambi\u00e9n \u201ces un medio que se puede utilizar de modo prudente y \u00e9tico para la convivencia, el trabajo, la solidaridad y el servicio a los dem\u00e1s\u201d. De hecho, recuerdan y&nbsp;agradecen el servicio que prestan por el bien com\u00fan \u201cveh\u00edculos que son ellos mismos los instrumentos del trabajo: cami\u00f3n, autocar, taxi, o ambulancia\u201d. &nbsp; Tambi\u00e9n tienen unas palabras para la&nbsp;\u201cmucha gente buena\u201d que \u201cdiariamente se esfuerza como conductores o peatones por hacer las cosas bien,&nbsp;cumpliendo las normas de tr\u00e1fico con responsabilidad y cuidando de la seguridad vial, que es tanto como decir: salvando vidas\u201d. Los obispos concluyen su mensaje compartiendo las palabras de Jes\u00fas: \u201c\u00abOs he hablado de esto para que mi alegr\u00eda est\u00e9 en vosotros, y vuestra alegr\u00eda llegue a plenitud.&nbsp;Este es mi mandamiento: que os am\u00e9is unos a otros como yo os he amado\u00bb (Jn 15,11-12), tambi\u00e9n cuando se conduce un veh\u00edculo.&nbsp;Que santa Mar\u00eda de la Prudencia y san Crist\u00f3bal nos protejan y acompa\u00f1en en todos nuestros desplazamientos\u201d. Materiales de la Jornada de responsabilidad en el tr\u00e1fico 2024 &#8211; Conferencia Episcopal Espa\u00f1ola"}

Parroquia Matriz de San Agustín

Jornada de responsabilidad en el tráfico - Parroquia Matriz de San Agustín

<blockquote class="wp-embedded-content" data-secret="j4QW5svFkC"><a href="https://parroquiasanagustin.org/index.php/2024/06/25/jornada-de-responsabilidad-en-el-trafico-2/">Jornada de responsabilidad en el tráfico</a></blockquote><iframe sandbox="allow-scripts" security="restricted" src="https://parroquiasanagustin.org/index.php/2024/06/25/jornada-de-responsabilidad-en-el-trafico-2/embed/#?secret=j4QW5svFkC" width="600" height="338" title="«Jornada de responsabilidad en el tráfico» — Parroquia Matriz de San Agustín" data-secret="j4QW5svFkC" frameborder="0" marginwidth="0" marginheight="0" scrolling="no" class="wp-embedded-content"></iframe><script>
/*! This file is auto-generated */
!function(d,l){"use strict";l.querySelector&&d.addEventListener&&"undefined"!=typeof URL&&(d.wp=d.wp||{},d.wp.receiveEmbedMessage||(d.wp.receiveEmbedMessage=function(e){var t=e.data;if((t||t.secret||t.message||t.value)&&!/[^a-zA-Z0-9]/.test(t.secret)){for(var s,r,n,a=l.querySelectorAll('iframe[data-secret="'+t.secret+'"]'),o=l.querySelectorAll('blockquote[data-secret="'+t.secret+'"]'),c=new RegExp("^https?:$","i"),i=0;i<o.length;i++)o[i].style.display="none";for(i=0;i<a.length;i++)s=a[i],e.source===s.contentWindow&&(s.removeAttribute("style"),"height"===t.message?(1e3<(r=parseInt(t.value,10))?r=1e3:~~r<200&&(r=200),s.height=r):"link"===t.message&&(r=new URL(s.getAttribute("src")),n=new URL(t.value),c.test(n.protocol))&&n.host===r.host&&l.activeElement===s&&(d.top.location.href=t.value))}},d.addEventListener("message",d.wp.receiveEmbedMessage,!1),l.addEventListener("DOMContentLoaded",function(){for(var e,t,s=l.querySelectorAll("iframe.wp-embedded-content"),r=0;r<s.length;r++)(t=(e=s[r]).getAttribute("data-secret"))||(t=Math.random().toString(36).substring(2,12),e.src+="#?secret="+t,e.setAttribute("data-secret",t)),e.contentWindow.postMessage({message:"ready",secret:t},"*")},!1)))}(window,document);
//# sourceURL=https://parroquiasanagustin.org/wp-includes/js/wp-embed.min.js
</script>

La Iglesia celebra el&nbsp;primer domingo de julio, este año el&nbsp;día 7, la&nbsp;Jornada de responsabilidad en el tráfico&nbsp;2024. Una fecha que coincide con el inicio de los desplazamientos masivos por las vacaciones de verano y próxima a la festividad del patrón de los conductores y transportistas, San Cristóbal, que se celebra el 10 de julio. El&nbsp;departamento de Pastoral de la carretera, dentro de la&nbsp;Subcomisión Episcopal para las Migraciones y Movilidad humana, es el encargado de promover esta Jornada que este año se celebra con el&nbsp;lema,&nbsp;«Yo soy el camino y la verdad y la vida» (Jn 14,6).&nbsp;Entre los materiales para su difusión, se incorpora este año un&nbsp;tríptico&nbsp;con toda la información sobre este departamento. ¿Cuál es el mensaje de los obispos? &nbsp; Los obispos de la Subcomisión Episcopal para las Migraciones y Movilidad humana firman el mensaje para esta Jornada, que dirigen a todos los que de alguna manera están relacionados con la movilidad humana y la seguridad vial. &nbsp; «Yo soy el camino y la verdad y la vida» (Jn 14,6), lema de la Jornada &nbsp; Los obispos explican que las palabras del evangelista san Juan que se han elegido como lema de este año,&nbsp;“Yo soy el camino y la verdad y la vida”, fueron las que pronunció Jesús en su discurso de despedida de los discípulos. Unas palabras que desglosan para indicar algunos comportamientos al volante. “Yo soy el camino”,&nbsp;explican,&nbsp;significa que caminar con Jesús obliga a “ser buen conductor,&nbsp;responsable, cumplidor de las normas de tráfico y respetuoso con los demás conductores”, a “no pasar de largo ante una necesidad de mi prójimo” y “hacer agradable el viaje&nbsp;de los que comparten el vehículo conmigo”. “Yo soy la verdad” implica sinceridad “cuando se trata de averiguar quién y cómo se produjo el siniestro. En casos así, donde parece que la verdad o la mentira tienen el mismo valor, no podemos olvidar las palabras de Jesús:&nbsp;«La verdad os hará libres» (Jn 8,32)«. “Yo soy la vida”&nbsp;recuerda que “cuando conduces un vehículo, solo o en compañía,&nbsp;no puedes olvidar, en ningún momento,&nbsp;la grave responsabilidad que asumes de velar por tu vida y la de los demás”. &nbsp; Cuidar la vida &nbsp; Los obispos expresan su&nbsp;inquietud ante el aumento de los siniestros viales y los muertos en carretera, aunque “mantenemos la firme esperanza de siniestros viales, cero”.&nbsp;Porque “no hay dinero suficiente para comprar una sola vida. Somos únicos e irrepetibles”. &nbsp; Amar y respetar la vida propia y ajena, para un conductor, “equivale a permanecer atento a la conducción, respetando en todo momento las normas de tráfico” y quiere decir&nbsp;“conducir bien y en las debidas condiciones y responsabilidad sin ser un peligro para nadie”. En este sentido, advierten sobre la&nbsp;importancia de usar el cinturón de seguridad, de no conducir bajo los efectos del alcohol y de las drogas, de correr a la velocidad justa o sobre el uso indebido del móvil.&nbsp;«Amar la propia vida y la de los demás -puntualizan- me obliga a&nbsp;no jugármela sencillamente por usar el móvil indebida e irresponsablemente mientras se conduce,&nbsp;como desgraciadamente sucede con relativa frecuencia.&nbsp;Todo puede esperar&nbsp;y el conductor debe ser consciente de la grave responsabilidad que lleva entre sus manos: cuidar y respetar su vida y la de los demás teniendo siempre presente que «en él vivimos, nos movemos y existimos» (Hch 18,28)». Del vehículo se puede abusar, pero también “es un medio que se puede utilizar de modo prudente y ético para la convivencia, el trabajo, la solidaridad y el servicio a los demás”. De hecho, recuerdan y&nbsp;agradecen el servicio que prestan por el bien común “vehículos que son ellos mismos los instrumentos del trabajo: camión, autocar, taxi, o ambulancia”. &nbsp; También tienen unas palabras para la&nbsp;“mucha gente buena” que “diariamente se esfuerza como conductores o peatones por hacer las cosas bien,&nbsp;cumpliendo las normas de tráfico con responsabilidad y cuidando de la seguridad vial, que es tanto como decir: salvando vidas”. Los obispos concluyen su mensaje compartiendo las palabras de Jesús: “«Os he hablado de esto para que mi alegría esté en vosotros, y vuestra alegría llegue a plenitud.&nbsp;Este es mi mandamiento: que os améis unos a otros como yo os he amado» (Jn 15,11-12), también cuando se conduce un vehículo.&nbsp;Que santa María de la Prudencia y san Cristóbal nos protejan y acompañen en todos nuestros desplazamientos”. Materiales de la Jornada de responsabilidad en el tráfico 2024 &#8211; Conferencia Episcopal Española
