{"version":"1.0","provider_name":"Parroquia Matriz de San Agust\u00edn","provider_url":"https:\/\/parroquiasanagustin.org","author_name":"admin","author_url":"https:\/\/parroquiasanagustin.org\/index.php\/author\/admin\/","title":"D\u00eda del Seminario - Parroquia Matriz de San Agust\u00edn","type":"rich","width":600,"height":338,"html":"<blockquote class=\"wp-embedded-content\" data-secret=\"iGLVY8Pm6g\"><a href=\"https:\/\/parroquiasanagustin.org\/index.php\/2022\/03\/09\/dia-del-seminario\/\">D\u00eda del Seminario<\/a><\/blockquote><iframe sandbox=\"allow-scripts\" security=\"restricted\" src=\"https:\/\/parroquiasanagustin.org\/index.php\/2022\/03\/09\/dia-del-seminario\/embed\/#?secret=iGLVY8Pm6g\" width=\"600\" height=\"338\" title=\"\u00abD\u00eda del Seminario\u00bb \u2014 Parroquia Matriz de San Agust\u00edn\" data-secret=\"iGLVY8Pm6g\" frameborder=\"0\" marginwidth=\"0\" marginheight=\"0\" scrolling=\"no\" class=\"wp-embedded-content\"><\/iframe><script>\n\/*! This file is auto-generated *\/\n!function(d,l){\"use strict\";l.querySelector&&d.addEventListener&&\"undefined\"!=typeof URL&&(d.wp=d.wp||{},d.wp.receiveEmbedMessage||(d.wp.receiveEmbedMessage=function(e){var t=e.data;if((t||t.secret||t.message||t.value)&&!\/[^a-zA-Z0-9]\/.test(t.secret)){for(var s,r,n,a=l.querySelectorAll('iframe[data-secret=\"'+t.secret+'\"]'),o=l.querySelectorAll('blockquote[data-secret=\"'+t.secret+'\"]'),c=new RegExp(\"^https?:$\",\"i\"),i=0;i<o.length;i++)o[i].style.display=\"none\";for(i=0;i<a.length;i++)s=a[i],e.source===s.contentWindow&&(s.removeAttribute(\"style\"),\"height\"===t.message?(1e3<(r=parseInt(t.value,10))?r=1e3:~~r<200&&(r=200),s.height=r):\"link\"===t.message&&(r=new URL(s.getAttribute(\"src\")),n=new URL(t.value),c.test(n.protocol))&&n.host===r.host&&l.activeElement===s&&(d.top.location.href=t.value))}},d.addEventListener(\"message\",d.wp.receiveEmbedMessage,!1),l.addEventListener(\"DOMContentLoaded\",function(){for(var e,t,s=l.querySelectorAll(\"iframe.wp-embedded-content\"),r=0;r<s.length;r++)(t=(e=s[r]).getAttribute(\"data-secret\"))||(t=Math.random().toString(36).substring(2,12),e.src+=\"#?secret=\"+t,e.setAttribute(\"data-secret\",t)),e.contentWindow.postMessage({message:\"ready\",secret:t},\"*\")},!1)))}(window,document);\n\/\/# sourceURL=https:\/\/parroquiasanagustin.org\/wp-includes\/js\/wp-embed.min.js\n<\/script>\n","thumbnail_url":"https:\/\/parroquiasanagustin.org\/wp-content\/uploads\/2022\/03\/Estampa-Dia-del-Seminario-2-scaled.jpg","thumbnail_width":763,"thumbnail_height":1200,"description":"\u00abSacerdotes al servicio de una Iglesia en camino\u00bb es el lema que centrar\u00e1 este a\u00f1o el D\u00eda del Seminario que se celebra el 19 de marzo, solemnidad de San Jos\u00e9. El lema se inspira en el proceso sinodal en el que est\u00e1 inmersa la Iglesia. \u00abEl S\u00ednodo universal en el que nos encontramos nos hace a todos ponernos en camino juntos\u00bb. Junto al S\u00ednodo, dos palabras: sacerdotes y servicio. Sacerdotes, en plural, \u00abrecord\u00e1ndonos el sentido del seminario y llam\u00e1ndonos a acrecentar nuestra fraternidad. Los sacerdotes no hemos sido llamados para estar solos. El seminario nos ense\u00f1a la importancia de la comunidad y la necesidad de vivir una sana fraternidad\u00bb. Adem\u00e1s se presenta la vocaci\u00f3n sacerdotal como servicio. En el seminario, \u00ablos seminaristas aprenden a vivir el servicio y a servir a los hermanos, como parte integrante y fundamental de la vocaci\u00f3n. Los intereses ego\u00edstas y el provecho propio han de desterrarse y deben dejar lugar al desarrollo de una vocaci\u00f3n recibida para ser entregada. Solo desde la entrega la vocaci\u00f3n recibe todo su sentido\u00bb. Y resume, \u00absi dec\u00edamos que el ejemplo de la fraternidad sacerdotal constituye un impulso para los j\u00f3venes que se plantean la vocaci\u00f3n sacerdotal, tambi\u00e9n podemos afirmar que el testimonio de una vida entregada en el servicio infunde \u00e1nimos en el coraz\u00f3n de los j\u00f3venes, deseosos de entregarse por completo a una tarea apasionante\u00bb."}

Parroquia Matriz de San Agustín

Día del Seminario - Parroquia Matriz de San Agustín

<blockquote class="wp-embedded-content" data-secret="iGLVY8Pm6g"><a href="https://parroquiasanagustin.org/index.php/2022/03/09/dia-del-seminario/">Día del Seminario</a></blockquote><iframe sandbox="allow-scripts" security="restricted" src="https://parroquiasanagustin.org/index.php/2022/03/09/dia-del-seminario/embed/#?secret=iGLVY8Pm6g" width="600" height="338" title="«Día del Seminario» — Parroquia Matriz de San Agustín" data-secret="iGLVY8Pm6g" frameborder="0" marginwidth="0" marginheight="0" scrolling="no" class="wp-embedded-content"></iframe><script>
/*! This file is auto-generated */
!function(d,l){"use strict";l.querySelector&&d.addEventListener&&"undefined"!=typeof URL&&(d.wp=d.wp||{},d.wp.receiveEmbedMessage||(d.wp.receiveEmbedMessage=function(e){var t=e.data;if((t||t.secret||t.message||t.value)&&!/[^a-zA-Z0-9]/.test(t.secret)){for(var s,r,n,a=l.querySelectorAll('iframe[data-secret="'+t.secret+'"]'),o=l.querySelectorAll('blockquote[data-secret="'+t.secret+'"]'),c=new RegExp("^https?:$","i"),i=0;i<o.length;i++)o[i].style.display="none";for(i=0;i<a.length;i++)s=a[i],e.source===s.contentWindow&&(s.removeAttribute("style"),"height"===t.message?(1e3<(r=parseInt(t.value,10))?r=1e3:~~r<200&&(r=200),s.height=r):"link"===t.message&&(r=new URL(s.getAttribute("src")),n=new URL(t.value),c.test(n.protocol))&&n.host===r.host&&l.activeElement===s&&(d.top.location.href=t.value))}},d.addEventListener("message",d.wp.receiveEmbedMessage,!1),l.addEventListener("DOMContentLoaded",function(){for(var e,t,s=l.querySelectorAll("iframe.wp-embedded-content"),r=0;r<s.length;r++)(t=(e=s[r]).getAttribute("data-secret"))||(t=Math.random().toString(36).substring(2,12),e.src+="#?secret="+t,e.setAttribute("data-secret",t)),e.contentWindow.postMessage({message:"ready",secret:t},"*")},!1)))}(window,document);
//# sourceURL=https://parroquiasanagustin.org/wp-includes/js/wp-embed.min.js
</script>

«Sacerdotes al servicio de una Iglesia en camino» es el lema que centrará este año el Día del Seminario que se celebra el 19 de marzo, solemnidad de San José. El lema se inspira en el proceso sinodal en el que está inmersa la Iglesia. «El Sínodo universal en el que nos encontramos nos hace a todos ponernos en camino juntos». Junto al Sínodo, dos palabras: sacerdotes y servicio. Sacerdotes, en plural, «recordándonos el sentido del seminario y llamándonos a acrecentar nuestra fraternidad. Los sacerdotes no hemos sido llamados para estar solos. El seminario nos enseña la importancia de la comunidad y la necesidad de vivir una sana fraternidad». Además se presenta la vocación sacerdotal como servicio. En el seminario, «los seminaristas aprenden a vivir el servicio y a servir a los hermanos, como parte integrante y fundamental de la vocación. Los intereses egoístas y el provecho propio han de desterrarse y deben dejar lugar al desarrollo de una vocación recibida para ser entregada. Solo desde la entrega la vocación recibe todo su sentido». Y resume, «si decíamos que el ejemplo de la fraternidad sacerdotal constituye un impulso para los jóvenes que se plantean la vocación sacerdotal, también podemos afirmar que el testimonio de una vida entregada en el servicio infunde ánimos en el corazón de los jóvenes, deseosos de entregarse por completo a una tarea apasionante».
