{"version":"1.0","provider_name":"Parroquia Matriz de San Agust\u00edn","provider_url":"https:\/\/parroquiasanagustin.org","author_name":"admin","author_url":"https:\/\/parroquiasanagustin.org\/index.php\/author\/admin\/","title":"D\u00eda de la Iglesia Diocesana - Parroquia Matriz de San Agust\u00edn","type":"rich","width":600,"height":338,"html":"<blockquote class=\"wp-embedded-content\" data-secret=\"zNqeruRQvS\"><a href=\"https:\/\/parroquiasanagustin.org\/index.php\/2021\/10\/26\/dia-de-la-iglesia-diocesana\/\">D\u00eda de la Iglesia Diocesana<\/a><\/blockquote><iframe sandbox=\"allow-scripts\" security=\"restricted\" src=\"https:\/\/parroquiasanagustin.org\/index.php\/2021\/10\/26\/dia-de-la-iglesia-diocesana\/embed\/#?secret=zNqeruRQvS\" width=\"600\" height=\"338\" title=\"\u00abD\u00eda de la Iglesia Diocesana\u00bb \u2014 Parroquia Matriz de San Agust\u00edn\" data-secret=\"zNqeruRQvS\" frameborder=\"0\" marginwidth=\"0\" marginheight=\"0\" scrolling=\"no\" class=\"wp-embedded-content\"><\/iframe><script>\n\/*! This file is auto-generated *\/\n!function(d,l){\"use strict\";l.querySelector&&d.addEventListener&&\"undefined\"!=typeof URL&&(d.wp=d.wp||{},d.wp.receiveEmbedMessage||(d.wp.receiveEmbedMessage=function(e){var t=e.data;if((t||t.secret||t.message||t.value)&&!\/[^a-zA-Z0-9]\/.test(t.secret)){for(var s,r,n,a=l.querySelectorAll('iframe[data-secret=\"'+t.secret+'\"]'),o=l.querySelectorAll('blockquote[data-secret=\"'+t.secret+'\"]'),c=new RegExp(\"^https?:$\",\"i\"),i=0;i<o.length;i++)o[i].style.display=\"none\";for(i=0;i<a.length;i++)s=a[i],e.source===s.contentWindow&&(s.removeAttribute(\"style\"),\"height\"===t.message?(1e3<(r=parseInt(t.value,10))?r=1e3:~~r<200&&(r=200),s.height=r):\"link\"===t.message&&(r=new URL(s.getAttribute(\"src\")),n=new URL(t.value),c.test(n.protocol))&&n.host===r.host&&l.activeElement===s&&(d.top.location.href=t.value))}},d.addEventListener(\"message\",d.wp.receiveEmbedMessage,!1),l.addEventListener(\"DOMContentLoaded\",function(){for(var e,t,s=l.querySelectorAll(\"iframe.wp-embedded-content\"),r=0;r<s.length;r++)(t=(e=s[r]).getAttribute(\"data-secret\"))||(t=Math.random().toString(36).substring(2,12),e.src+=\"#?secret=\"+t,e.setAttribute(\"data-secret\",t)),e.contentWindow.postMessage({message:\"ready\",secret:t},\"*\")},!1)))}(window,document);\n\/\/# sourceURL=https:\/\/parroquiasanagustin.org\/wp-includes\/js\/wp-embed.min.js\n<\/script>\n","thumbnail_url":"https:\/\/parroquiasanagustin.org\/wp-content\/uploads\/2021\/10\/2021-dia-iglesia-diocesana-portada.jpg","thumbnail_width":800,"thumbnail_height":600,"description":"\u00abSomos lo que t\u00fa nos ayudas a ser. Somos una gran familia contigo\u00bb es el lema de la campa\u00f1a para el\u00a0D\u00eda de la Iglesia Diocesana, que este a\u00f1o se celebra\u00a0el domingo 7 de noviembre.\u00a0\u00a0Lema\u00a0que\u00a0recuerda que juntos, como familia,\u00a0logramos una parroquia activa\u00a0que responde a la llamada de Dios.\u00a0Juntos somos Iglesia Diocesana, poniendo todo lo que somos al servicios de los otros y colaborando\u00a0juntos llevamos a cabo la labor de la Iglesia. Juntos logramos una parroquia viva,\u00a0comprometida,\u00a0apasionada por Jesucristo y entregada a los dem\u00e1s. Esta campa\u00f1a nos recuerda cada a\u00f1o que en la parroquia nacemos a la fe y en ella descubrimos que&nbsp;somos una familia dentro de otra gran familia, la de los hijos de Dios.&nbsp;Por eso,&nbsp;una vez al a\u00f1o celebramos de una manera especial ese sentimiento y&nbsp;recordamos lo importante que es poner&nbsp;lo que somos&nbsp;al servicio de los dem\u00e1s.&nbsp; Por eso durante todo el a\u00f1o, aunque lo recordamos especialmente en este d\u00eda,&nbsp;se nos pide que nos sintamos parte de ese hogar al que pertenecemos. Esta campa\u00f1a tambi\u00e9n nos activa a colaborar para hacer una parroquia m\u00e1s&nbsp;comprometida, m\u00e1s&nbsp;cercana&nbsp;y&nbsp;entregada a lo dem\u00e1s.&nbsp;Porque, juntos, llegamos m\u00e1s lejos.&nbsp;Una participaci\u00f3n en la que cada uno aporta seg\u00fan sus posibilidades y sus circunstancias: Con tu&nbsp;tiempo, con tus&nbsp;cualidades, con tu&nbsp;oraci\u00f3n,&nbsp;con un&nbsp;donativo. Se trata de que&nbsp;poner lo que somos al servicio de los otros&nbsp;y en la Iglesia."}

Parroquia Matriz de San Agustín

Día de la Iglesia Diocesana - Parroquia Matriz de San Agustín

<blockquote class="wp-embedded-content" data-secret="zNqeruRQvS"><a href="https://parroquiasanagustin.org/index.php/2021/10/26/dia-de-la-iglesia-diocesana/">Día de la Iglesia Diocesana</a></blockquote><iframe sandbox="allow-scripts" security="restricted" src="https://parroquiasanagustin.org/index.php/2021/10/26/dia-de-la-iglesia-diocesana/embed/#?secret=zNqeruRQvS" width="600" height="338" title="«Día de la Iglesia Diocesana» — Parroquia Matriz de San Agustín" data-secret="zNqeruRQvS" frameborder="0" marginwidth="0" marginheight="0" scrolling="no" class="wp-embedded-content"></iframe><script>
/*! This file is auto-generated */
!function(d,l){"use strict";l.querySelector&&d.addEventListener&&"undefined"!=typeof URL&&(d.wp=d.wp||{},d.wp.receiveEmbedMessage||(d.wp.receiveEmbedMessage=function(e){var t=e.data;if((t||t.secret||t.message||t.value)&&!/[^a-zA-Z0-9]/.test(t.secret)){for(var s,r,n,a=l.querySelectorAll('iframe[data-secret="'+t.secret+'"]'),o=l.querySelectorAll('blockquote[data-secret="'+t.secret+'"]'),c=new RegExp("^https?:$","i"),i=0;i<o.length;i++)o[i].style.display="none";for(i=0;i<a.length;i++)s=a[i],e.source===s.contentWindow&&(s.removeAttribute("style"),"height"===t.message?(1e3<(r=parseInt(t.value,10))?r=1e3:~~r<200&&(r=200),s.height=r):"link"===t.message&&(r=new URL(s.getAttribute("src")),n=new URL(t.value),c.test(n.protocol))&&n.host===r.host&&l.activeElement===s&&(d.top.location.href=t.value))}},d.addEventListener("message",d.wp.receiveEmbedMessage,!1),l.addEventListener("DOMContentLoaded",function(){for(var e,t,s=l.querySelectorAll("iframe.wp-embedded-content"),r=0;r<s.length;r++)(t=(e=s[r]).getAttribute("data-secret"))||(t=Math.random().toString(36).substring(2,12),e.src+="#?secret="+t,e.setAttribute("data-secret",t)),e.contentWindow.postMessage({message:"ready",secret:t},"*")},!1)))}(window,document);
//# sourceURL=https://parroquiasanagustin.org/wp-includes/js/wp-embed.min.js
</script>

«Somos lo que tú nos ayudas a ser. Somos una gran familia contigo» es el lema de la campaña para el Día de la Iglesia Diocesana, que este año se celebra el domingo 7 de noviembre.  Lema que recuerda que juntos, como familia, logramos una parroquia activa que responde a la llamada de Dios. Juntos somos Iglesia Diocesana, poniendo todo lo que somos al servicios de los otros y colaborando juntos llevamos a cabo la labor de la Iglesia. Juntos logramos una parroquia viva, comprometida, apasionada por Jesucristo y entregada a los demás. Esta campaña nos recuerda cada año que en la parroquia nacemos a la fe y en ella descubrimos que&nbsp;somos una familia dentro de otra gran familia, la de los hijos de Dios.&nbsp;Por eso,&nbsp;una vez al año celebramos de una manera especial ese sentimiento y&nbsp;recordamos lo importante que es poner&nbsp;lo que somos&nbsp;al servicio de los demás.&nbsp; Por eso durante todo el año, aunque lo recordamos especialmente en este día,&nbsp;se nos pide que nos sintamos parte de ese hogar al que pertenecemos. Esta campaña también nos activa a colaborar para hacer una parroquia más&nbsp;comprometida, más&nbsp;cercana&nbsp;y&nbsp;entregada a lo demás.&nbsp;Porque, juntos, llegamos más lejos.&nbsp;Una participación en la que cada uno aporta según sus posibilidades y sus circunstancias: Con tu&nbsp;tiempo, con tus&nbsp;cualidades, con tu&nbsp;oración,&nbsp;con un&nbsp;donativo. Se trata de que&nbsp;poner lo que somos al servicio de los otros&nbsp;y en la Iglesia.
